{"id":843,"date":"2023-11-20T22:48:31","date_gmt":"2023-11-20T21:48:31","guid":{"rendered":"https:\/\/demlp-renovation.fr\/?page_id=843"},"modified":"2023-12-17T22:19:21","modified_gmt":"2023-12-17T21:19:21","slug":"tapisseries","status":"publish","type":"page","link":"https:\/\/demlp-renovation.fr\/index.php\/tapisseries\/","title":{"rendered":"Tapisseries"},"content":{"rendered":"<div data-colibri-id=\"843-c1\" class=\"style-811 style-local-843-c1 position-relative\">\n  <!---->\n  <div data-colibri-component=\"section\" data-colibri-id=\"843-c2\" id=\"content\" class=\"h-section h-section-global-spacing d-flex align-items-lg-center align-items-md-center align-items-center style-812 style-local-843-c2 position-relative\">\n    <div class=\"background-wrapper\">\n      <div class=\"background-layer background-layer-media-container-lg\">\n        <!---->\n        <div class=\"overlay-layer\">\n          <div class=\"overlay-image-layer\" style=\"background-color: rgb(247, 144, 7); opacity: 0.5;\"><\/div>\n          <div class=\"shape-layer colibri-shape-two-circles\" style=\"background-position: center center; background-size: cover; background-repeat: no-repeat; filter: invert(0%);\"><\/div>\n        <\/div>\n      <\/div>\n      <div class=\"background-layer background-layer-media-container-md\">\n        <!---->\n        <div class=\"overlay-layer\">\n          <div class=\"overlay-image-layer\" style=\"background-color: rgb(247, 144, 7); opacity: 0.5;\"><\/div>\n          <div class=\"shape-layer colibri-shape-two-circles\" style=\"background-position: center center; background-size: cover; background-repeat: no-repeat; filter: invert(0%);\"><\/div>\n        <\/div>\n      <\/div>\n      <div class=\"background-layer background-layer-media-container\">\n        <!---->\n        <div class=\"overlay-layer\">\n          <div class=\"overlay-image-layer\" style=\"background-color: rgb(247, 144, 7); opacity: 0.5;\"><\/div>\n          <div class=\"shape-layer colibri-shape-two-circles\" style=\"background-position: center center; background-size: cover; background-repeat: no-repeat; filter: invert(0%);\"><\/div>\n        <\/div>\n      <\/div>\n    <\/div>\n    <!---->\n    <div class=\"h-section-grid-container h-section-boxed-container\">\n      <!---->\n      <div data-colibri-id=\"843-c3\" class=\"h-row-container gutters-row-lg-0 gutters-row-md-0 gutters-row-2 gutters-row-v-lg-0 gutters-row-v-md-0 gutters-row-v-0 style-813 style-local-843-c3 position-relative\">\n        <!---->\n        <div class=\"h-row justify-content-lg-center justify-content-md-center justify-content-center align-items-lg-stretch align-items-md-stretch align-items-stretch gutters-col-lg-0 gutters-col-md-0 gutters-col-2 gutters-col-v-lg-0 gutters-col-v-md-0 gutters-col-v-0\">\n          <!---->\n          <div class=\"h-column h-column-container d-flex h-col-lg-auto h-col-md-auto h-col-auto style-814-outer style-local-843-c4-outer\">\n            <div data-colibri-id=\"843-c4\" class=\"d-flex h-flex-basis h-column__inner h-ui-empty-state-container h-px-lg-0 h-px-md-0 h-px-0 v-inner-lg-0 v-inner-md-0 v-inner-0 style-814 style-local-843-c4 position-relative\">\n              <!---->\n              <!---->\n              <div class=\"w-100 h-y-container h-column__content h-column__v-align flex-basis-100\">\n                <!---->\n              <\/div>\n            <\/div>\n          <\/div>\n          <div class=\"h-column h-column-container d-flex h-col-lg-auto h-col-md-auto h-col-auto style-815-outer style-local-843-c5-outer\">\n            <div data-colibri-id=\"843-c5\" class=\"d-flex h-flex-basis h-column__inner h-px-lg-2 h-px-md-2 h-px-0 v-inner-lg-2 v-inner-md-2 v-inner-0 style-815 style-local-843-c5 position-relative\">\n              <!---->\n              <!---->\n              <div class=\"w-100 h-y-container h-column__content h-column__v-align flex-basis-100 align-self-lg-center align-self-md-center align-self-center\">\n                <!---->\n                <div data-colibri-id=\"843-c9\" class=\"h-global-transition-all h-heading style-1055 style-local-843-c9 position-relative h-element\">\n                  <!---->\n                  <div class=\"h-heading__outer style-1055 style-local-843-c9\">\n                    <!---->\n                    <!---->\n                    <h2 class=\"\"><em>TAPISSERIE MURALE<br><\/em><\/h2>\n                  <\/div>\n                <\/div>\n                <div data-colibri-id=\"843-c6\" class=\"h-lead h-text h-text-component style-816 style-local-843-c6 position-relative h-element\">\n                  <!---->\n                  <!---->\n                  <div class=\"\">\n                    <p>La tapisserie est un art qui transforme les espaces en leur donnant une identit\u00e9, un style et une ambiance uniques. Chez DEMLP, nous comprenons l&rsquo;importance de la tapisserie pour la d\u00e9coration int\u00e9rieure et nous nous engageons \u00e0 offrir\n                      des services de tapisserie exceptionnels pour vos murs, si\u00e8ges, et plus encore.<\/p>\n                    <p>Les murs sont la toile sur laquelle se dessine l&rsquo;atmosph\u00e8re de votre int\u00e9rieur. Notre \u00e9quipe de tapisseurs experts est sp\u00e9cialis\u00e9e dans la pose de papiers peints, de tissus et de rev\u00eatements muraux de haute qualit\u00e9. Que vous souhaitiez\n                      cr\u00e9er une atmosph\u00e8re chaleureuse, sophistiqu\u00e9e, moderne ou classique, nous avons une large gamme de motifs, textures et couleurs pour r\u00e9pondre \u00e0 vos go\u00fbts et besoins.<\/p>\n                    <p>Nous mettons un point d&rsquo;honneur \u00e0 assurer une pr\u00e9paration minutieuse des murs pour une pose sans d\u00e9faut. Notre expertise garantit une finition parfaite, sans bulles ni plis, offrant ainsi \u00e0 vos murs une apparence impeccable qui refl\u00e8te\n                      votre style personnel.<\/p>\n                  <\/div>\n                <\/div>\n                <div data-colibri-id=\"843-c10\" class=\"h-global-transition-all h-heading style-1056 style-local-843-c10 position-relative h-element\">\n                  <!---->\n                  <div class=\"h-heading__outer style-1056 style-local-843-c10\">\n                    <!---->\n                    <!---->\n                    <h2 class=\"\"><em>TAPISSERIE MEUBLES<br><\/em><\/h2>\n                  <\/div>\n                <\/div>\n                <div data-colibri-id=\"843-c11\" class=\"h-text h-text-component style-1057 style-local-843-c11 position-relative h-element\">\n                  <!---->\n                  <!---->\n                  <div class=\"\">\n                    <p>La tapisserie d&rsquo;ameublement est un art subtil qui peut donner une nouvelle vie \u00e0 vos meubles. Chez DEMLP, nous proposons des services de r\u00e9novation et de revalorisation pour vos si\u00e8ges, canap\u00e9s, fauteuils et autres pi\u00e8ces d&rsquo;ameublement.\n                      Que vous souhaitiez restaurer un meuble ancien ou lui offrir un look enti\u00e8rement nouveau, notre \u00e9quipe de tapisseurs exp\u00e9riment\u00e9s utilise des tissus de qualit\u00e9 sup\u00e9rieure et des techniques de tapisserie traditionnelles pour un r\u00e9sultat\n                      \u00e0 la hauteur de vos attentes.<\/p>\n                    <p>Nous vous accompagnons dans le choix des tissus, des motifs et des finitions pour cr\u00e9er des pi\u00e8ces uniques qui s&rsquo;int\u00e8grent parfaitement \u00e0 votre int\u00e9rieur tout en refl\u00e9tant votre style et votre personnalit\u00e9.<\/p>\n                  <\/div>\n                <\/div>\n                <div data-colibri-id=\"843-c12\" class=\"h-global-transition-all h-heading style-1058 style-local-843-c12 position-relative h-element\">\n                  <!---->\n                  <div class=\"h-heading__outer style-1058 style-local-843-c12\">\n                    <!---->\n                    <!---->\n                    <h2 class=\"\"><em>SERVICE SUR MESURE<br><\/em><\/h2>\n                  <\/div>\n                <\/div>\n                <div data-colibri-id=\"843-c13\" class=\"h-text h-text-component style-1059 style-local-843-c13 position-relative h-element\">\n                  <!---->\n                  <!---->\n                  <div class=\"\">\n                    <p>Chez DEMLP, nous comprenons que chaque projet est unique. C&rsquo;est pourquoi nous offrons un service sur mesure pour r\u00e9pondre \u00e0 vos besoins sp\u00e9cifiques en mati\u00e8re de tapisserie. Notre \u00e9quipe est \u00e0 votre \u00e9coute pour comprendre vos pr\u00e9f\u00e9rences,\n                      vous conseiller sur les meilleures options de tissus et de designs, et r\u00e9aliser la tapisserie selon vos exigences.<\/p>\n                    <p>Notre engagement envers la qualit\u00e9 et la satisfaction client est au c\u0153ur de notre d\u00e9marche. Nous nous effor\u00e7ons de fournir un travail de tapisserie exceptionnel, une attention m\u00e9ticuleuse aux d\u00e9tails et un service personnalis\u00e9 pour\n                      chaque projet. Notre objectif est de vous offrir des espaces magnifiquement tapisser et des meubles restaur\u00e9s qui d\u00e9passent vos attentes.<\/p>\n                    <p>Pour une tapisserie qui sublime vos espaces et apporte une touche unique \u00e0 votre d\u00e9coration int\u00e9rieure, faites confiance \u00e0 DEMLP. Contactez-nous d\u00e8s aujourd&rsquo;hui pour discuter de vos projets de tapisserie et laissez notre expertise\n                      professionnelle embellir votre int\u00e9rieur, un m\u00e8tre carr\u00e9 \u00e0 la fois.<\/p>\n                  <\/div>\n                <\/div>\n                <div data-colibri-id=\"843-c7\" class=\"h-x-container style-817 style-local-843-c7 position-relative h-element\">\n                  <!---->\n                  <div class=\"h-x-container-inner style-dynamic-843-c7-group style-817-spacing style-local-843-c7-spacing\"><span class=\"h-button__outer style-818-outer style-local-843-c8-outer d-inline-flex h-element\"><a h-use-smooth-scroll=\"true\" href=\"https:\/\/demlp-renovation.fr\/index.php\/interieur\/\"  data-colibri-id=\"843-c8\" class=\"d-flex w-100 align-items-center h-button justify-content-lg-center justify-content-md-center justify-content-center style-818 style-local-843-c8 position-relative\"><!----><!----> <span>DEMANDEZ VOTRE DEVIS<\/span><\/a>\n                    <\/span>\n                  <\/div>\n                <\/div>\n              <\/div>\n            <\/div>\n          <\/div>\n        <\/div>\n      <\/div>\n    <\/div>\n  <\/div>\n<\/div>","protected":false},"excerpt":{"rendered":"<p>TAPISSERIE MURALE La tapisserie est un art qui transforme les espaces en leur donnant une identit\u00e9, un style et une ambiance uniques. Chez DEMLP, nous comprenons l&rsquo;importance de la tapisserie pour la d\u00e9coration int\u00e9rieure et nous nous engageons \u00e0 offrir des services de tapisserie exceptionnels pour vos murs, si\u00e8ges, et plus encore. Les murs sont [&hellip;]<\/p>\n","protected":false},"author":1,"featured_media":0,"parent":0,"menu_order":0,"comment_status":"closed","ping_status":"closed","template":"page-templates\/full-width-page.php","meta":{"footnotes":""},"class_list":["post-843","page","type-page","status-publish","hentry"],"_links":{"self":[{"href":"https:\/\/demlp-renovation.fr\/index.php\/wp-json\/wp\/v2\/pages\/843","targetHints":{"allow":["GET"]}}],"collection":[{"href":"https:\/\/demlp-renovation.fr\/index.php\/wp-json\/wp\/v2\/pages"}],"about":[{"href":"https:\/\/demlp-renovation.fr\/index.php\/wp-json\/wp\/v2\/types\/page"}],"author":[{"embeddable":true,"href":"https:\/\/demlp-renovation.fr\/index.php\/wp-json\/wp\/v2\/users\/1"}],"replies":[{"embeddable":true,"href":"https:\/\/demlp-renovation.fr\/index.php\/wp-json\/wp\/v2\/comments?post=843"}],"version-history":[{"count":3,"href":"https:\/\/demlp-renovation.fr\/index.php\/wp-json\/wp\/v2\/pages\/843\/revisions"}],"predecessor-version":[{"id":1340,"href":"https:\/\/demlp-renovation.fr\/index.php\/wp-json\/wp\/v2\/pages\/843\/revisions\/1340"}],"wp:attachment":[{"href":"https:\/\/demlp-renovation.fr\/index.php\/wp-json\/wp\/v2\/media?parent=843"}],"curies":[{"name":"wp","href":"https:\/\/api.w.org\/{rel}","templated":true}]}}